24. What is the units digit of c?
6
Let p(g) = 3*g - 3. Let c be p(2). Suppose 1 = 2*w - c. What is the units digit of w?
2
Let l = 579 - 382. What is the tens digit of l?
9
Suppose y = -2*v - v - 24, 0 = 5*v. Let f be (2*1)/((-6)/y). Suppose -j + 0*b - 3*b = -f, 2*j = -b + 21. What is the tens digit of j?
1
Let l(k) = k**2 - 4*k + 9. What is the units digit of l(4)?
9
Let w(o) = -9*o + 17. What is the units digit of w(-7)?
0
Let s(i) = i**3 - 11*i**2 - 5*i - 11. What is the tens digit of s(12)?
7
Suppose -2*u + 15 = 3*u. Suppose -u*x = -x + 8. What is the units digit of (2 - 1)/((-1)/x)?
4
Let l be (-1*2)/(2/(-5)). Suppose -6 = -l*t + 9. Suppose s - 9 = -i, -5*s - t*i = -0*s - 43. What is the units digit of s?
8
Suppose -z = -6*z + 10, 0 = 2*w + z - 94. What is the tens digit of w?
4
Let h(c) = 0 - 35*c + 0. Let w be h(-1). Suppose 0 = 2*j + 3*j - w. What is the units digit of j?
7
Suppose 0*k + 2*k = 80. Suppose 2*y + j - 28 = 0, 3*y - 2*j = -12 + k. Let v = -7 + y. What is the units digit of v?
5
Suppose v - 3*r = 209, -626 = -3*v + r - 31. What is the hundreds digit of v?
1
Suppose 2*z = 2*v + 6, -4*z + z + 15 = -5*v. Suppose 8 = c + 3. What is the units digit of (10 + c)*(z + 1)?
5
Suppose -4*d - 7 = 1. Let l be ((0/(-3))/(-3))/d. Let m = 1 - l. What is the units digit of m?
1
Let x be (-351)/3*(0 - -1). What is the tens digit of 8/28 + x/(-7)?
1
Suppose 2*d - d = 5*c - 19, 17 = 5*c - 3*d. Suppose -c*i + 35 = -57. What is the tens digit of i?
2
Suppose 0 = f - 5*j - 11, -f + 2*j = -6*f + 109. Suppose -1 = s - f. What is the tens digit of s/(2/3*3)?
1
Let h(y) = -y**3 + y + 3. Let f = 2 + -2. Let j be h(f). Suppose p - 6 - 12 = 3*z, -z = j*p - 14. What is the units digit of p?
6
Suppose 0 = 3*d - 4*r - 1, 0 = 5*d + 2*r - 6 - 13. Let p be d*(-2)/(-15)*10. Suppose -2*q + p*n = -4, 3*q - 12 = -3*n + 3. What is the units digit of q?
4
Suppose 0 = -2*a - 0*a + 4. Suppose 27 - a = 5*k. What is the units digit of k?
5
Let l(x) be the second derivative of x**5/20 - 2*x**4/3 + 3*x**3/2 - 3*x**2 - x. Suppose m + m - 14 = 0. What is the units digit of l(m)?
8
Let x = 49 - 10. What is the units digit of x/5 - 3/(-15)?
8
Suppose 0 = 3*n + 2*n - 110. Suppose -11 = -3*h + n. Suppose 10 = 3*i - h. What is the units digit of i?
7
Let j(x) = -x**3 + 6*x**2 + 4*x + 4. What is the units digit of j(6)?
8
Suppose 5*i + 5 = 4*i. Let r(n) = n**2 + 5*n + 2. Let u be r(i). Suppose -2*k + 4 = u*k. What is the units digit of k?
1
Let c(h) = -5*h**2 + 2 + 4*h**2 - h - h**3 + 3*h. Suppose 0 = -0*j + 5*j + 10. What is the units digit of c(j)?
2
Let m = -45 + 75. What is the units digit of m?
0
Let f(u) be the second derivative of -u**4/12 + 2*u**3/3 + u**2 + 2*u. Let g be f(4). Suppose -g*z + z + 11 = 0. What is the tens digit of z?
1
Suppose 0 = -5*g - m + 29, -2*g + 2*m - 3*m = -14. Suppose 6*u - g*u - 4 = 0. What is the units digit of u?
4
Let u = 21 + -13. Suppose -r + 4*r + 2*d = u, 40 = 5*r - 2*d. What is the units digit of r?
6
Let t = -13 + 8. Let f be ((-4)/t)/((-3)/(-90)). Suppose -f = -7*v + 3*v. What is the units digit of v?
6
Suppose y + 18 + 0 = 0. Let f(n) = 2*n**2 - 2. Let w be f(-6). What is the units digit of w/9 + (-4)/y?
8
Let o(w) = w**2 - 8*w + 3. What is the tens digit of o(12)?
5
Let n = -430 + 857. What is the tens digit of n?
2
Suppose -3*h = 3*j - 33, -4*h - 2*j + 27 = -9. What is the units digit of h?
7
Suppose -43 = -j + 5*l, 4*j - l - 134 - 57 = 0. What is the units digit of j?
8
Let y(w) = w**2 - 6*w - 5. Let u be y(5). Let p = u - -18. What is the units digit of p?
8
What is the units digit of ((-4)/3)/(4 + 1742/(-435))?
0
Suppose -2*m - 1 = -45. What is the units digit of m?
2
Let g be (-5)/(-20) - (-1)/(-4). Suppose g*w + 2*w = 4. Suppose -3*f + 65 = w*f. What is the units digit of f?
3
Let k = -15 - -34. Suppose 3*h - k = -1. What is the units digit of h?
6
Let w = 7 + -21. Let j = -13 + w. What is the tens digit of 9/(-18) + j/(-2)?
1
Let u(t) be the second derivative of -t**5/20 - t**4/4 - t**3/3 + t**2 + 2*t. What is the units digit of u(-2)?
2
Let u = -30 + 21. What is the units digit of (u - -7)*22/(-4)?
1
Let d be -1*2 - 4/(-2). Suppose d = 3*g - 1 - 8. Suppose -8 = -k + g. What is the tens digit of k?
1
Let v be 10/(-35) + (-30)/(-7). Suppose -3*p = -v*z - 3, 2*p = 4*z + z + 2. Let j(q) = 9*q**3 + q**2 - 2*q + 1. What is the units digit of j(p)?
9
Let f be -3 - (-23 + (3 - 1)). Suppose -11 = -4*n + 4*d + 13, 0 = n + 2*d - f. What is the units digit of n?
0
Suppose 0*i + 300 = -5*i. Let b be i/18*12/10. What is the units digit of b/(-20) - 8/(-10)?
1
Let s be (0 + 3)*(-2)/(-6). What is the tens digit of s/(3/72) + 1?
2
Let d be 1*(-1 + (0 - 0)). Let b be (5 - 12)/((-1)/d). Let s(q) = -q - 4. What is the units digit of s(b)?
3
Let j(h) = -h**3 + 8*h**2 - 8*h + 2. Let v be j(7). Let b = v - -8. Suppose -2*w + 4*g + 56 = g, 0 = -w + b*g + 34. What is the units digit of w?
2
Let q(c) = c**2 + 6*c + 10. Let u be q(-4). Suppose -v - 33 = -u*v. What is the units digit of v?
3
Let b be (12/15)/((-2)/(-5)). Suppose 0 = -4*y - 5*v + 28, -b*v = 2*y - 0 - 16. Suppose x = -x + y. What is the units digit of x?
6
Let j(n) = -n**3 - 5*n**2 + 5*n. Suppose 4*y = 2*y - 12. What is the units digit of j(y)?
6
Let u(k) = -k**3 - 9*k**2 - 8*k + 10. Let c be u(-8). Let p be 2/c - (-9)/5. Suppose 0 = -o + 2*x + 14, 2*o - p*x = 14 + 12. What is the tens digit of o?
1
Let z(t) be the first derivative of -1/4*t**4 + 1/2*t**2 + 5*t + 2*t**3 - 3. What is the tens digit of z(6)?
1
Let q = 119 + -81. What is the units digit of q?
8
Let y(p) = 5*p + 49. What is the tens digit of y(20)?
4
Let r be 2 + (-2 + 5)/3. Suppose r*y - 40 = -2*y. Suppose -2*o - y = -22. What is the units digit of o?
7
Let z(r) = -r + 2. Let x be z(-3). Suppose x*h - 3 = 22. Suppose -3*g + 18 = -m + h*m, g - 19 = 3*m. What is the tens digit of g?
1
What is the units digit of ((-18)/15)/((-2)/305)?
3
What is the units digit of 6/(-4)*(-3 + 194/(-6))?
3
Let n(m) = 2*m - 4. Let d be n(9). Let k = -10 + d. Suppose -k*o + 27 = -9. What is the units digit of o?
9
Suppose 0*n - n = 0. Suppose 5*i = -n*i + 15. Suppose q = w - i - 2, -w + 4*q = -5. What is the units digit of w?
5
Let j(f) = f + 14. Let i be j(-12). What is the units digit of (-3)/1 - -2*i?
1
Let t be 4/10 + (-254)/10. Let a be 3/5 + 65/t. What is the tens digit of 21 - (a - 0)/(-1)?
1
Let x(u) = -u**2 + 10*u - 6. Let n be x(9). Suppose -n*p = 2*p - 80. What is the units digit of p?
6
Let l = -8 - -14. Let q be ((-2)/4)/(2/4). Let s = l - q. What is the units digit of s?
7
Suppose a + g - 2 = 0, -5*g + g = -4. Let y be 1 - (-5 - (a - 2)). Suppose -3*h + 19 = -y. What is the units digit of h?
8
Let x = 33 - 0. What is the tens digit of x?
3
Let k be 7 + (18/(-2))/3. Suppose 2*r + 14 = k*r. What is the units digit of r?
7
Suppose 64 = h + h. What is the tens digit of h?
3
Suppose -2*h + h + 3 = -4*y, -5*y = -h + 3. Suppose -v - 5*f + 56 = 0, -149 = -h*v + 5*f - 21. What is the tens digit of v?
4
Suppose y + 10 = -3. Let z = y + 30. What is the units digit of z?
7
Let t(c) = 8*c + 2. Let k be t(2). Suppose x + 2*x - k = 0. What is the units digit of x?
6
Suppose -5*h + 36 = -h - 4*z, -h + 5 = -2*z. What is the tens digit of h?
1
Suppose -8 = -4*r + u - 2, 3*u + 10 = 4*r. Suppose 0 = 5*j + 6 - r. What is the units digit of (1 + -6)*(0 + j)?
5
Let q(g) be the first derivative of -g**3/3 - 4*g**2 + 9*g - 1. What is the units digit of q(-8)?
9
Suppose -5*s + f + 29 = -0*f, 0 = 3*s + 5*f + 5. What is the tens digit of (s - 3)*1 - -24?
2
Let k be ((-20)/6)/((-1)/3). Suppose -k = -y - 4*y. Suppose -y*x + 4*x = 14. What is the units digit of x?
7
Let r = -23 - -27. What is the units digit of r?
4
Let x(r) = -r**2 - 3*r + 2. Let s be x(-4). Let l = s - -8. Suppose 0 = -p + 2*p - l. What is the units digit of p?
6
Let v = 28 - -46. What is the tens digit of v?
7
Let w(d) = -d**2 - 11*d - 10. Let t be w(-7). Let y = 37 - t. What is the units digit of y?
9
Suppose 3*t + 7 = 52. What is the tens digit of t?
1
Let d = 42 + -28. What is the units digit of d?
4
Suppose -3*w + j - 2*j = -112, -2*w = -5*j - 52. What is the tens digit of w?
3
Let s = 4 + -4. Suppose s = 3*r - 5*r + 6. What is the units digit of r?
3
Let h = 42 + -12. What is the ten